ts digit of o?
9
Let p = -4 - -2. Let y be (0/p)/(2/2). Suppose y = -2*w + w + 5. What is the units digit of w?
5
Let d(a) = -13*a**3 + a**2 + a + 1. Suppose -2*z - 2*v = -8, -2*z - 12 = -v - v. Let q be d(z). Suppose -q = -2*y + 6. What is the tens digit of y?
1
What is the tens digit of 273/((2/10)/((-2)/(-10)))?
7
Let d be (-6)/((-4)/(-1 + -3)). What is the units digit of (-4)/d + 20/6?
4
Let l be (-4)/14 - (-16)/7. Suppose -2*r + r = 5, -r = l*y - 37. What is the units digit of y?
1
Suppose -3 = t + t + 3*w, 2*t + 2*w = 0. Let x(b) = b**3 - 3*b**2 + 3*b - 4. What is the units digit of x(t)?
5
Suppose 0 = -5*g - 2*b + 10 + 5, 0 = -b. Suppose -21 - 30 = -g*w. What is the tens digit of w?
1
Let r(s) be the first derivative of -s**2 - 15*s + 7. What is the units digit of r(-10)?
5
Let q be -15*(0 + 3 + -4). Let p = 8 + -17. Let j = q + p. What is the units digit of j?
6
Suppose -35 + 11 = 3*t. Let q = 9 + t. What is the units digit of q?
1
Let l = 1 + 22. What is the units digit of l?
3
Suppose -5*c + 228 + 82 = 0. What is the tens digit of c?
6
Suppose -d - 25 = 2*d + 4*u, -14 = 2*d + 2*u. What is the units digit of (-156)/(-16) + d/4?
9
Let h(o) = -o**3 - 10*o**2 - o. Let f be h(-10). Let m(v) = v**3 + 3*v**2 - 5*v - 2. Let b be m(-4). Let u = b + f. What is the tens digit of u?
1
Let i be 0/(-1) + 2 + -2. Let h = 29 - 15. Suppose 2*g - h = -i*g. What is the units digit of g?
7
Let h(b) = 2*b**2 + 2*b. Let t be 2/(-4)*(7 + -1). Let r be 4/6*(-6 - t). What is the units digit of h(r)?
4
Suppose -3*y + 6*y - 45 = 0. Suppose 3*n - 12 = -4*q, 5*q - y = 7*n - 3*n. What is the units digit of q?
3
Let n(d) = 74*d - 20. What is the units digit of n(4)?
6
Let z be 1 + 4/((-12)/(-9)). Let a be 16/z*2/4. Suppose 2*l - 3*c = -1, 2*c + a - 19 = -l. What is the units digit of l?
7
Suppose -2*t + 6 = 4*k, -4*t - k - 4*k + 15 = 0. Let l = 9 - t. What is the units digit of l?
4
Let n = -2 - -3. Suppose n = j - 5. Let w = j - 2. What is the units digit of w?
4
Let w be 2/(-4) + 67/2. Suppose w = 2*i - 9. What is the units digit of i?
1
Suppose 3*t + 4*l - 481 = 0, 0 = t + 2*l + l - 157. What is the hundreds digit of t?
1
What is the tens digit of (-1388)/(-11) + (-12)/66?
2
Suppose -8 = -2*t, -3*u = u + 5*t + 56. Let j = u - -30. Suppose j = 5*z - 3*r, 2*z + 3*r - 4 = 4*r. What is the units digit of z?
1
Suppose 147 = 5*w - 153. What is the tens digit of w?
6
Suppose -6*a + 2*a - 4 = 0. Let c(m) be the second derivative of -2*m**3/3 - m**2/2 - m. What is the units digit of c(a)?
3
Let z be 3/(-9) - 10/(-3). Let r be 8 - z*(-2)/(-3). Let o(b) = b**2 - 6*b + 7. What is the units digit of o(r)?
7
Suppose 4*d - 5*a = 445, 0 = -2*d - 4*a + 119 + 97. What is the units digit of d?
0
Let t(k) = k + 6. Let w(p) = -p - 7. Let u(a) = 5*t(a) + 4*w(a). What is the tens digit of u(10)?
1
Suppose 4*k + 8*l = 3*l + 205, 104 = 2*k + 2*l. Suppose 4*g + k = 131. What is the tens digit of g?
1
Suppose q = -2*z + 3, -6*z + 3*q + 13 = -z. Suppose v - z*v = -8. Suppose 0 = -2*n + 3*n - v. What is the units digit of n?
8
Let f(c) = c**2 + 5*c - 9. What is the units digit of f(-7)?
5
Suppose -2*n + 6 = -8. Let d = 19 - n. What is the units digit of (27/d)/((-2)/(-8))?
9
Let r(q) = -2*q - 2. Let n(z) = z - 1. Let p(k) = -3*n(k) + r(k). What is the tens digit of p(-2)?
1
What is the tens digit of 2/((21/28)/((-327)/(-8)))?
0
Suppose -10 = 2*s, -4*j + 2*s + 49 = -7*j. Let f = -11 + j. Let l = -5 - f. What is the units digit of l?
9
Let n(r) = -r**2 + 20. Let p be n(0). Let a = 31 - p. What is the units digit of a?
1
Let i be (-11 - -2)*-1 - 0. Let f(u) = 2*u - 10. Let c be f(i). Let p = 15 - c. What is the units digit of p?
7
Let y(p) = p + 9. Let h be y(-7). Let d(z) = 18*z - 2. What is the units digit of d(h)?
4
Let h be (-310)/(-12) - (-1)/6. Suppose 4*m = -d + 16, 3*d + h = 7*d - 3*m. What is the units digit of d?
8
Let c = 0 + 69. What is the units digit of c?
9
What is the tens digit of (-202)/(-5) - 4/10?
4
Let q(i) = 14*i. What is the units digit of q(2)?
8
Let y be 4/(-16) + (-26)/(-8). Suppose k - 27 = 5*q, -y*k + 15 = -4*q - 33. What is the units digit of k?
2
Let p(g) = g**2 + 20*g + 8. What is the units digit of p(-22)?
2
Suppose -2*u + 57 - 7 = 0. What is the tens digit of u?
2
Suppose 4 = -3*k - 5, -2*j - 2*k + 104 = 0. What is the tens digit of j?
5
Let k(u) = 3*u + 1. Let v(y) = -10*y - 4. Let m(a) = 7*k(a) + 2*v(a). Let w be m(1). Let p(i) = i**3 - i**2 + i + 11. What is the units digit of p(w)?
1
Let f(l) = -5*l - 9. Let c be f(8). Let q = c - -83. What is the tens digit of q?
3
Let x = -7 - -10. Suppose a - 19 = -x*u, -3*u - a = -4*a - 39. What is the units digit of (-6)/4*u/(-3)?
4
Suppose -x + 114 = 5*c - 0*x, -54 = -3*c + 3*x. What is the tens digit of c?
2
Let d = 7 - 5. Suppose -109 = -3*s - 2*n, d*s + n + 3*n = 70. What is the tens digit of s?
3
Let r(g) be the second derivative of g**5/20 + 7*g**4/12 - 3*g**3/2 - 4*g**2 + 2*g. Let p be r(-8). Suppose -4*t + 40 - 8 = p. What is the units digit of t?
8
Suppose 1 = 3*j - 5. Suppose -2*z = -3*a + j*z + 2, 0 = 5*a + 4*z - 14. What is the units digit of a?
2
Suppose -y + 11 = -2*r, 9 = -r + y + 3. What is the units digit of (-45)/r - 0/1?
9
Let m = -4 - -8. Let s(v) = -v**3 + 4*v**2 + 3*v - 1. What is the tens digit of s(m)?
1
Suppose -4*m - 3 = 3*g - 34, 0 = 2*m + 3*g - 11. What is the units digit of m?
0
Suppose -a + 3*j - 4*j + 43 = 0, 0 = 3*a - 2*j - 154. What is the tens digit of a?
4
Let n be (-14)/(-4) + (-12)/8. Suppose 4*k - 11 = -u, -2*k = 2*u + n*u - 16. What is the units digit of k?
2
Let m = -24 - -17. Let h be -5 - m - (1 + -43). Suppose j = 4*i - 68, 2*i + 2*j - h = 5*j. What is the units digit of i?
6
Let z(i) = i**3 - 5*i**2 - 5*i - 1. Let r be z(6). Suppose -5*x + r*d = -x - 37, -2*x = -4*d - 26. Suppose 5*w - 6 = x*w. What is the units digit of w?
3
Let k = -389 + 604. Suppose -k = -5*h - 30. What is the tens digit of h?
3
Let f(h) = 2*h. Let t = 25 + -17. What is the tens digit of f(t)?
1
Suppose -3*t - 2*w + 0*w = 12, 5*t + 22 = -4*w. What is the tens digit of (-484)/(-16) - t/(-8)?
3
Let f(l) = l**2 + 6*l - 3. What is the tens digit of f(2)?
1
Suppose 32 = -3*t - t. What is the tens digit of 18*(-12)/t + -1?
2
Let p(c) = c - 5. Let r be p(12). Let h = 19 - r. What is the tens digit of h?
1
Suppose -5*v - 10 + 30 = 0. What is the units digit of (14/(-1))/(v/(-10))?
5
Let k(z) be the second derivative of -z**8/6720 + z**7/2520 + z**6/360 + z**4/6 + z. Let u(j) be the third derivative of k(j). What is the units digit of u(-2)?
8
Let d(h) = -3*h**2 - 3*h - 23. Let a(o) = -7*o**2 - 7*o - 45. Let g(q) = 4*a(q) - 9*d(q). What is the tens digit of g(0)?
2
Suppose 6*p - 30 = p. What is the units digit of p?
6
Suppose n + 0 - 2 = 0. Let k be -1*(42/n + -1). What is the units digit of ((-12)/10)/(4/k)?
6
Suppose 0 = -3*v + 9, -3*v = 2*r - 7. What is the units digit of r - (-1 + -2 + 0)?
2
Let j(i) = i**3 + 7*i**2 - i + 6. Let a be j(-5). What is the units digit of a/7 + 10/35?
9
Let k = 56 + 3. Suppose 17 = -3*w + 7*w + p, -5*p = -3*w + 7. Suppose 50 = 2*g + 4*x, 6*x + k = 3*g + w*x. What is the tens digit of g?
2
Let f(v) = -v**2 + 10*v + 27. Let i be f(13). Suppose -3 = h - 11. What is the tens digit of (i/h)/(1/(-12))?
1
Let t be 56/(-7)*(-2)/4. Suppose -3 = -r - 5*d, -d = t*r - 0*d - 88. What is the tens digit of r?
2
Let o be 3 + (5 + -2)/(-3). Let k = 16 - o. What is the tens digit of k?
1
Let v = 9 + -7. Let j = v + 16. What is the units digit of j?
8
Suppose 7*q + 8*q = 4260. What is the tens digit of q?
8
Let s = 415 - 185. Suppose -9*u + s = -4*u. What is the tens digit of u?
4
Suppose -5*c + c = -3*f - 26, 2*c - 20 = 5*f. Let m be (-9)/f - (-1)/(-2). Let i = m - -5. What is the units digit of i?
9
Suppose -t - 3*t + 40 = 0. Suppose 2*i - t = -0*i. What is the units digit of i?
5
Suppose 6*q - q - 2*b - 15 = 0, b - 3 = -q. Let a be (-48)/9 - (-1)/q. Let k = a + 17. What is the tens digit of k?
1
Let y = -4 - -7. What is the units digit of y?
3
Let l = -10 + 6. Let x be (l/6)/((-3)/54). What is the units digit of ((-6)/x)/(2/(-12))?
3
Let w = -17 - -19. Suppose h - 3*d - 120 = -w*h, 145 = 4*h + d. What is the tens digit of h?
3
Let n(p) = 5*p**2 + 5*p + 2. What is the units digit of n(-3)?
2
